{"id":187,"date":"2019-10-30T13:53:10","date_gmt":"2019-10-30T13:53:10","guid":{"rendered":"https:\/\/epa.hr\/?page_id=187"},"modified":"2019-10-30T15:43:44","modified_gmt":"2019-10-30T15:43:44","slug":"conforto","status":"publish","type":"page","link":"https:\/\/epa.hr\/index.php\/conforto\/","title":{"rendered":"Conforto"},"content":{"rendered":"\n<p><strong><em>CONFORTO<\/em><\/strong>&nbsp; je kompletno informati\u010dko rje\u0161enje\nza pra\u0107enje poslovanja koje, izme\u0111u ostalog, obuhva\u0107a:<\/p>\n\n\n\n<ul><li>pra\u0107enje proizvodnje\n     (otvaranje radnih naloga, normativi, proizvedeno, \u0161kart, zastoji,\n     kapaciteti po strojevima, u\u010dinak pojedinih radnika, obra\u010dun radnih naloga,\n     obra\u010dun putnih naloga, evidencija zaposlenika itd.)<\/li><li>skladi\u0161no poslovanje\n     (primke, otpremnice, izdatnice, me\u0111uskladi\u0161nice, liste zaliha, kartice\n     prometa, liste primki, kartice kupca, vo\u0111enje blagajne\u2026.)<\/li><li>\u0161ifrarnici poreznih grupa,\n     artikala, operatera za rad, lokala, poslovnih partnera \u2013 dobavlja\u010da robe<\/li><li>maloprodaja: gotovinski\n     ra\u010duni, \u201eR1\u201c gotovinski ra\u010duni, pra\u0107enje po na\u010dinima pla\u0107anja, djelomi\u010dne\n     uplate gotovinskih i bezgotovinskih ra\u010duna (rate), primke, povrat robe\n     dobavlja\u010dima, automatska knjiga prometa, lista zaliha, periodi\u010dni\n     izvje\u0161taji po grupama i\/ili tarifama pra\u0107enje zaliha po osnovnim artiklima\n     \u2013 normativi<\/li><li>mogu\u0107nost vo\u0111enja zalihe\n     trgova\u010dke robe u kafi\u0107u (cigarete, upalja\u010di,&#8230;)<\/li><li>inventura; kontrolna ili \u201epuna\u201c,\n     mogu\u0107nost unosa s vi\u0161e mjesta i na vi\u0161e na\u010dina.<\/li><li>pra\u0107enje skladi\u0161ta po\n     tipovima; prosje\u010dne nabavne cijene, VP ili MP cijene,\n     mogu\u0107nost pra\u0107enja to\u010dne lokacije robe u skladi\u0161tu.<\/li><li>izvje\u0161taji po raznim\n     kriterijima; vrsta prodane robe, prodajno mjesto, djelatnik, razdoblje,\n     &#8230; eksport izvje\u0161taja u PDF, excel ili na pisa\u010d.<\/li><li>pristup svim dijelovima\n     programa kontroliran pravima korisnika aplikacije<\/li><\/ul>\n\n\n\n<ul><li>specijaliziranu verziju\n     programa prilago\u0111enu otkupljiva\u010dima sekundarnih sirovina s automatskim\n     kreiranjem JOPPD obrasca itd.<\/li><\/ul>\n","protected":false},"excerpt":{"rendered":"<p>CONFORTO&nbsp; je kompletno informati\u010dko rje\u0161enje za pra\u0107enje poslovanja koje, izme\u0111u ostalog, obuhva\u0107a: pra\u0107enje proizvodnje (otvaranje radnih naloga, normativi, proizvedeno, \u0161kart, zastoji, kapaciteti po strojevima, u\u010dinak pojedinih radnika, obra\u010dun radnih naloga, obra\u010dun putnih naloga, evidencija zaposlenika itd.) skladi\u0161no poslovanje (primke, otpremnice,<\/p>\n","protected":false},"author":1,"featured_media":0,"parent":0,"menu_order":0,"comment_status":"closed","ping_status":"closed","template":"","meta":[],"_links":{"self":[{"href":"https:\/\/epa.hr\/index.php\/wp-json\/wp\/v2\/pages\/187"}],"collection":[{"href":"https:\/\/epa.hr\/index.php\/wp-json\/wp\/v2\/pages"}],"about":[{"href":"https:\/\/epa.hr\/index.php\/wp-json\/wp\/v2\/types\/page"}],"author":[{"embeddable":true,"href":"https:\/\/epa.hr\/index.php\/wp-json\/wp\/v2\/users\/1"}],"replies":[{"embeddable":true,"href":"https:\/\/epa.hr\/index.php\/wp-json\/wp\/v2\/comments?post=187"}],"version-history":[{"count":3,"href":"https:\/\/epa.hr\/index.php\/wp-json\/wp\/v2\/pages\/187\/revisions"}],"predecessor-version":[{"id":220,"href":"https:\/\/epa.hr\/index.php\/wp-json\/wp\/v2\/pages\/187\/revisions\/220"}],"wp:attachment":[{"href":"https:\/\/epa.hr\/index.php\/wp-json\/wp\/v2\/media?parent=187"}],"curies":[{"name":"wp","href":"https:\/\/api.w.org\/{rel}","templated":true}]}}