{"id":131,"date":"2019-10-29T20:30:27","date_gmt":"2019-10-29T20:30:27","guid":{"rendered":"https:\/\/epa.hr\/?page_id=131"},"modified":"2019-11-16T13:47:27","modified_gmt":"2019-11-16T13:47:27","slug":"partneri","status":"publish","type":"page","link":"https:\/\/epa.hr\/index.php\/partneri\/","title":{"rendered":"Partneri"},"content":{"rendered":"\n<table class=\"wp-block-table alignleft is-style-stripes\"><tbody><tr><td>ABART vl. Josip Bartoli\u0107, Donji Mihaljevec<\/td><\/tr><tr><td>ADRIA PROJEKT d.o.o. Doma\u0161inec<\/td><\/tr><tr><td>AGROME\u0110IMURJE d.d. \u010cakovec<\/td><\/tr><tr><td>BELOVI\u0106 INTERIJERI d.o.o. \u0160trigova<\/td><\/tr><tr><td>BICIKLOPEDIJA d.o.o. \u010cakovec<\/td><\/tr><tr><td>CVIPEK d.o.o. Ivani\u0107 Grad<\/td><\/tr><tr><td>ELKOS AUTOMATIKA d.o.o. Kotoriba<\/td><\/tr><tr><td>Fitnes studio BEST FOR WOMEN j.d.o.o. \u010cakovec<\/td><\/tr><tr><td>Frizerski obrt &#8220;MARINA&#8221;, Trnovec Bartolove\u010dki<\/td><\/tr><tr><td>Frizerski salon PLATINA j.d.o.o. \u010cakovec<\/td><\/tr><tr><td>FUTURA BIRO d.o.o. \u010cakovec<\/td><\/tr><tr><td>HAIX OBU\u0106A d.o.o. Mala Subotica<\/td><\/tr><tr><td>INFO-FAR d.o.o. \u010cakovec<\/td><\/tr><tr><td>ISKOPI, obrt za usluge zemljanih radova, Donji Vidovec<\/td><\/tr><tr><td>IZGRADNJA d.o.o. Doma\u0161inec<\/td><\/tr><tr><td>KOREKON d.o.o. \u010cakovec<\/td><\/tr><tr><td>KOS d.o.o. Kotoriba<\/td><\/tr><tr><td> KRAKEN d.o.o. Zagreb <\/td><\/tr><tr><td>MOUNTAIN VIEW TECHNOLOGY j.d.o.o. Vu\u010detinec<\/td><\/tr><tr><td>NMP PRODUKT d.o.o. Nedeli\u0161\u0107e<\/td><\/tr><tr><td>OP\u0106INA BELICA<\/td><\/tr><tr><td>OPG Filip Hlap\u010di\u0107, \u010cakovec<\/td><\/tr><tr><td>ORDINACIJA DENTALNE MEDICINE \u010cakovec<\/td><\/tr><tr><td>Salon za ljepotu kose &#8220;TINA&#8221; Trnovec Bartolove\u010dki<\/td><\/tr><tr><td>SANDUKAR drvna galanterija, Totovec<\/td><\/tr><tr><td>STM d.o.o. Gornji Hra\u0161\u0107an<\/td><\/tr><tr><td>TEPOS d.o.o. \u010cakovec<\/td><\/tr><tr><td>TRANS &#8211; KOP GRABAR j.d.o.o. Sra\u010dinec<\/td><\/tr><tr><td>Udruga mladih FORESTLAND, \u010cakovec<\/td><\/tr><tr><td>UNIMER d.o.o. \u010cakovec<\/td><\/tr><tr><td>VELA \u010cAKOVEC d.o.o. \u010cakovec <\/td><\/tr><tr><td><\/td><\/tr><\/tbody><\/table>\n\n\n\n<div class=\"wp-block-image\"><figure class=\"alignright\"><img loading=\"lazy\" width=\"626\" height=\"417\" src=\"https:\/\/epa.hr\/wp-content\/uploads\/2019\/10\/bkg_image.jpg\" alt=\"\" class=\"wp-image-82\" srcset=\"https:\/\/epa.hr\/wp-content\/uploads\/2019\/10\/bkg_image.jpg 626w, https:\/\/epa.hr\/wp-content\/uploads\/2019\/10\/bkg_image-600x400.jpg 600w, https:\/\/epa.hr\/wp-content\/uploads\/2019\/10\/bkg_image-300x200.jpg 300w\" sizes=\"(max-width: 626px) 100vw, 626px\" \/><\/figure><\/div>\n","protected":false},"excerpt":{"rendered":"<p>ABART vl. Josip Bartoli\u0107, Donji Mihaljevec ADRIA PROJEKT d.o.o. Doma\u0161inec AGROME\u0110IMURJE d.d. \u010cakovec BELOVI\u0106 INTERIJERI d.o.o. \u0160trigova BICIKLOPEDIJA d.o.o. \u010cakovec CVIPEK d.o.o. Ivani\u0107 Grad ELKOS AUTOMATIKA d.o.o. Kotoriba Fitnes studio BEST FOR WOMEN j.d.o.o. \u010cakovec Frizerski obrt &#8220;MARINA&#8221;, Trnovec Bartolove\u010dki<\/p>\n","protected":false},"author":1,"featured_media":0,"parent":0,"menu_order":0,"comment_status":"closed","ping_status":"closed","template":"","meta":[],"_links":{"self":[{"href":"https:\/\/epa.hr\/index.php\/wp-json\/wp\/v2\/pages\/131"}],"collection":[{"href":"https:\/\/epa.hr\/index.php\/wp-json\/wp\/v2\/pages"}],"about":[{"href":"https:\/\/epa.hr\/index.php\/wp-json\/wp\/v2\/types\/page"}],"author":[{"embeddable":true,"href":"https:\/\/epa.hr\/index.php\/wp-json\/wp\/v2\/users\/1"}],"replies":[{"embeddable":true,"href":"https:\/\/epa.hr\/index.php\/wp-json\/wp\/v2\/comments?post=131"}],"version-history":[{"count":9,"href":"https:\/\/epa.hr\/index.php\/wp-json\/wp\/v2\/pages\/131\/revisions"}],"predecessor-version":[{"id":259,"href":"https:\/\/epa.hr\/index.php\/wp-json\/wp\/v2\/pages\/131\/revisions\/259"}],"wp:attachment":[{"href":"https:\/\/epa.hr\/index.php\/wp-json\/wp\/v2\/media?parent=131"}],"curies":[{"name":"wp","href":"https:\/\/api.w.org\/{rel}","templated":true}]}}