{"id":130,"date":"2019-10-29T20:30:27","date_gmt":"2019-10-29T20:30:27","guid":{"rendered":"https:\/\/epa.hr\/?page_id=130"},"modified":"2019-10-31T15:20:54","modified_gmt":"2019-10-31T15:20:54","slug":"impressum","status":"publish","type":"page","link":"https:\/\/epa.hr\/index.php\/impressum\/","title":{"rendered":"Impresum"},"content":{"rendered":"\n<h5>EPA d.o.o. za intelektualne usluge upisano je u registar Trgova\u010dkog suda u Vara\u017edinu<br>pod rednim brojem Tt-04\/783-2, s mati\u010dnim brojem subjekta upisa (MBS):070067398.<br>Temeljni kapital u iznosu od 75.000,00 kuna u cijelosti upla\u0107en.<br>\u010clan uprave dru\u0161tva: Sini\u0161a Jalu\u0161i\u0107.<br>IBAN: HR1023400091116025498<\/h5>\n\n\n\n<h5>OIB: 41178889092<\/h5>\n","protected":false},"excerpt":{"rendered":"<p>EPA d.o.o. za intelektualne usluge upisano je u registar Trgova\u010dkog suda u Vara\u017edinupod rednim brojem Tt-04\/783-2, s mati\u010dnim brojem subjekta upisa (MBS):070067398.Temeljni kapital u iznosu od 75.000,00 kuna u cijelosti upla\u0107en.\u010clan uprave dru\u0161tva: Sini\u0161a Jalu\u0161i\u0107.IBAN: HR1023400091116025498 OIB: 41178889092<\/p>\n","protected":false},"author":1,"featured_media":0,"parent":0,"menu_order":0,"comment_status":"closed","ping_status":"closed","template":"","meta":[],"_links":{"self":[{"href":"https:\/\/epa.hr\/index.php\/wp-json\/wp\/v2\/pages\/130"}],"collection":[{"href":"https:\/\/epa.hr\/index.php\/wp-json\/wp\/v2\/pages"}],"about":[{"href":"https:\/\/epa.hr\/index.php\/wp-json\/wp\/v2\/types\/page"}],"author":[{"embeddable":true,"href":"https:\/\/epa.hr\/index.php\/wp-json\/wp\/v2\/users\/1"}],"replies":[{"embeddable":true,"href":"https:\/\/epa.hr\/index.php\/wp-json\/wp\/v2\/comments?post=130"}],"version-history":[{"count":4,"href":"https:\/\/epa.hr\/index.php\/wp-json\/wp\/v2\/pages\/130\/revisions"}],"predecessor-version":[{"id":245,"href":"https:\/\/epa.hr\/index.php\/wp-json\/wp\/v2\/pages\/130\/revisions\/245"}],"wp:attachment":[{"href":"https:\/\/epa.hr\/index.php\/wp-json\/wp\/v2\/media?parent=130"}],"curies":[{"name":"wp","href":"https:\/\/api.w.org\/{rel}","templated":true}]}}